st common divisor of u and 10556?
52
Let b(n) be the second derivative of 8*n**3/3 + n**2 - 60*n. Let w be b(8). Calculate the highest common divisor of 78 and w.
26
Let o = 12 + -2. Let q(s) = s**3 + 21*s**2 - 2*s + 48. Suppose -6*v - 76 = 50. Let f be q(v). What is the highest common factor of o and f?
10
Suppose -49 + 39 = -10*l. Let k be ((-2915)/(-15))/(l/3). Let h(m) = 10*m + 3. Let d be h(5). Calculate the greatest common factor of d and k.
53
Suppose -208 = -5*y + m, -3*y = -18*y - 5*m + 560. Suppose a + 404 = 2*x - a, -2*x + 396 = 2*a. What is the greatest common factor of y and x?
40
Suppose -25*i - 7658 = -11*i. Let g = -542 - i. Let x(f) = -12*f - 3. Let z be x(-4). What is the greatest common divisor of g and z?
5
Let w(f) = 5*f**3 - 35*f**2 - f + 9. Let d be w(7). Let r(t) = -2*t**3 - 3*t**2 - 2*t - 1. Let n be r(-2). Calculate the greatest common factor of n and d.
1
Let w be ((-670)/3)/((-7)/(-1050)*-10). What is the highest common factor of 50 and w?
50
Suppose 5*z - 257 = 2*m, 97 = 2*z - 5*m + 10*m. Let c = 88 - 85. Suppose c*a = 46 + 56. Calculate the highest common divisor of a and z.
17
Let g(n) = -n**3 - 14*n**2 - 14*n - 11. Let s be g(-12). Let y = s - -191. Suppose 0 = -3*w + y - 27. Calculate the highest common divisor of 143 and w.
11
Let y be (-798)/(-19) + (1 - 5) - -2. Suppose 0 = -y*i + 345 + 215. What is the greatest common factor of 3 and i?
1
Let y(v) = 2*v**3 - 4*v**2 + 4*v - 4. Let l be y(3). Suppose 4*u + 4*g = 116, 10*u - g = 6*u + 101. What is the highest common factor of u and l?
26
Let t = -205 - -307. Let v = 164 + t. Let y = -101 + v. Calculate the highest common factor of 15 and y.
15
Let c = 652 - 357. Let w = -461 - -579. What is the highest common divisor of c and w?
59
Suppose 4*a + w = -w + 614, -2*a + 316 = 4*w. Let v = a + -48. Calculate the highest common factor of 78 and v.
26
Suppose 0 = 88*o - 93*o + 360. Let b be (1*-30)/(9/(o/(-16))). Calculate the greatest common divisor of 135 and b.
15
Let d(i) = -i**3 + 30*i**2 + 7*i + 11. Let a = 382 - 352. Let k be d(a). Calculate the highest common divisor of 13 and k.
13
Suppose -8*b = 2*b - 20. Let d(n) = -4*n**2 + 9*n - 32 + n**3 + 0*n**3 + 23 - 3*n**b. Let l be d(6). Calculate the highest common factor of l and 72.
9
Let b be -11 - ((-149008)/834 + (-7)/3). What is the greatest common divisor of b and 3170?
10
Let z be (-48 + 1)*(7 + -8 + 0). Let x = z - -19. Calculate the greatest common factor of x and 198.
66
Let g = 988 + -511. Let f be (g/265)/((-6)/(-40)). Suppose 7*i - 324 = 4*i. Calculate the highest common divisor of i and f.
12
Suppose 0 = -138*u + 4179476 - 1038182. What is the greatest common divisor of u and 221?
221
Let a(x) = x**2 + 9*x - 12. Let u be a(-12). Let k(i) = -2*i**3 - 2*i**2 + 6*i + 288. Let b be k(0). Calculate the greatest common factor of b and u.
24
Let q(p) = -14*p + 230. Let k(x) = -72*x + 1153. Let v(o) = -2*k(o) + 11*q(o). Let c be v(-35). Calculate the greatest common divisor of 14 and c.
14
Suppose 0 = -3*k - 5*i + 209, 3*k - 4*i - 146 = 108. Calculate the highest common factor of 8814 and k.
78
Suppose 5*q - 158 = 2*s, -11*s + 8*s + 18 = 0. Let v = 11 + -7. What is the highest common factor of q and v?
2
Let u be (-62416)/(-32)*(0 + 2). Calculate the greatest common factor of u and 83.
83
Suppose t + 3*a = 4014, -8094 = 14*t - 16*t + 5*a. What is the highest common factor of 63 and t?
63
Let i = -629 + 655. Let q = 80 - i. What is the greatest common divisor of 702 and q?
54
Suppose -b + 4*t + 8 = 0, 23 = -3*b - 3*t + 107. Let r = -116 + 51. Let v = r - -101. Calculate the greatest common factor of v and b.
12
Let i(m) = 2*m + 31. Suppose 12 - 4 = -n. Let w be i(n). What is the greatest common factor of w and 165?
15
Suppose 63 = 2*u - 27. Let r = u - -20. Suppose -11*s + 23 = -r. Calculate the greatest common factor of s and 4.
4
Let n be (-11 - 2)*-1*(-12)/2. Let d = 22 - n. What is the highest common divisor of d and 40?
20
Suppose 0*m + 3*m = 36. Suppose -3*h + m = 12. Suppose h*a - 76 = -2*a - 5*l, -3*l = -3*a + 135. Calculate the greatest common divisor of 473 and a.
43
Let k(y) = -2*y**2 + 8*y + 6. Let d be k(4). Suppose 0 = 4*l - d*l - 52. Let q = l - -56. What is the greatest common factor of q and 10?
10
Suppose 542 = 2*k - 2*h, -h = -43*k + 41*k + 546. Calculate the highest common factor of k and 50.
25
Let k = 0 - 33. Let b(i) = -i**2 + 3*i - 11. Let u be b(5). Let c = u - k. What is the highest common divisor of c and 8?
4
Let r be (15/(315/14) - 116/30)*-115. Let l(q) = -3*q**3 - 1. Let o be l(-2). What is the highest common divisor of r and o?
23
Let z(b) = -b**2 + 12*b - 17. Let c be z(7). Let i(p) = -93 - 29 + 191 - p. Let d be i(-21). What is the greatest common factor of d and c?
18
Suppose 12*b + 6 = 15*b. Suppose 0 = 4*k - b*k + y - 463, -y = -k + 230. Calculate the highest common divisor of k and 33.
33
Let u = -6 - 48. Let t = u - -73. Let y = 267 + t. Calculate the greatest common divisor of y and 26.
26
Let o be (-16)/(-56) + 4330/35. What is the greatest common factor of 1829 and o?
31
Let x be (16/(-4) - (-1)/((-6)/(-28)))*90. Calculate the highest common factor of x and 1230.
30
Let b = -247 - -111. Let d = b + 326. Suppose 10*s - 90 - d = 0. Calculate the highest common divisor of 70 and s.
14
Let f = 3 - 0. Let a(h) = -2*h**2 + 4 - 11 + 15*h + 6 + 2 - h**3. Let r be a(-5). Calculate the greatest common divisor of r and f.
1
Let q be ((-362475)/(-100))/9 + 2/8. Calculate the highest common factor of 91 and q.
13
Let u = -81 - -84. Suppose u*y + 13 = 34. What is the greatest common factor of 77 and y?
7
Let s(k) = -3 - 9*k**2 + 33*k**2 - k**3 + k**2 - 3*k - 4*k**2 - 12*k**2. Let w be s(3). Calculate the highest common factor of 66 and w.
6
Let o(f) = -147*f + 2911. Let p be o(19). Calculate the greatest common divisor of 4307 and p.
59
Let p = 8 - 82. Let o = p + 76. Suppose -n = -7 - 3. What is the highest common factor of o and n?
2
Let w = 437 - 318. Let j = 175 + w. Calculate the highest common factor of 42 and j.
42
Suppose 0 = -d - 5*d + 12. Suppose -d*f - 5*w - 38 = -134, 0 = -2*f + 4*w + 60. Suppose 0 = -5*c - 54 + 339. What is the greatest common factor of f and c?
19
Let y(i) = i**3 + 4*i**2 - 10*i + 3. Let k be y(-9). Let f = -159 - k. Let l be (1 - f)/(-4) - -2. Calculate the greatest common factor of l and 8.
8
Suppose -a + 19*x = 16*x - 6, -3*a = 2*x + 4. Let p be (-1 - (3 - a)) + 0 - -220. What is the greatest common divisor of 24 and p?
24
Let a = 83 - 140. Let z(x) = -6*x + 17. Let g be z(-7). Let o = g + a. Calculate the greatest common factor of 18 and o.
2
Let f be (70/(-30))/(6/(-36)). Let u be (-5 - -3 - 40)/1. Let j be u*1*5/(-10). What is the greatest common divisor of j and f?
7
Suppose 42*i + 703 = 45*i + 2*n, 9*i - 3*n = 2064. Calculate the highest common divisor of i and 8316.
231
Suppose 7*u - 108 = 4*u. Suppose 0 = -4*f + 2*d + 40, 2*f + 39 = -d + 67. Calculate the highest common divisor of u and f.
12
Let m(o) = 3*o + 53. Let a be m(-17). Suppose -a*t - 3*t = 2*q - 32, 5*t + q = 31. Suppose 0 = -12*n + t*n + 132. What is the highest common factor of 11 and n?
11
Let u = 7 + -5. Let j(g) = 3*g**2 + 5*g. Let z be j(-4). Let x = u + z. What is the highest common divisor of x and 45?
15
Let q(y) = y**2 + 8*y - 5. Let h be q(-9). Let j be (32/12)/(h/72). Let k = 74 - j. What is the greatest common divisor of 91 and k?
13
Let l be ((-22375)/35 - 3) + (-2)/(-7). Let o = l + 767. Calculate the highest common factor of 5 and o.
5
Let z be -13 + 8/((-104)/(-43719)). Calculate the greatest common divisor of 10 and z.
10
Let q(n) = n + 18. Suppose 3*s + 0*u + 22 = -5*u, -2*s = 2*u + 20. Let g be q(s). Let k be 10*g/8 + -3 + 15. Calculate the highest common divisor of k and 119.
17
Let c = -15567 - -17771. What is the greatest common factor of c and 116?
116
Let l = -630 - -635. Suppose -y = 2*s - 193, -y = l*s - 642 + 152. Calculate the greatest common divisor of 81 and s.
9
Suppose 4*r - 476 = -4*d, -4*r + 480 = -2*d + 4*d. Suppose 10*v = 12*v. Suppose v = -y + 4*y - 33. Calculate the greatest common factor of r and y.
11
Suppose -k - 4*z - 804 = -6*k, 4*k + 3*z - 637 = 0. What is the greatest common factor of k and 370?
10
Suppose 113*n = 135*n - 2362 - 